{"id":8,"date":"2022-03-23T19:23:28","date_gmt":"2022-03-23T19:23:28","guid":{"rendered":"https:\/\/www.sitescobas.es\/sectorpublicomadrid\/?page_id=8"},"modified":"2022-03-23T19:23:29","modified_gmt":"2022-03-23T19:23:29","slug":"quienes-somos","status":"publish","type":"page","link":"https:\/\/www.sitescobas.es\/sectorpublicomadrid\/quienes-somos\/","title":{"rendered":"\u00bfQUI\u00c9NES SOMOS?"},"content":{"rendered":"\n<p>El Sindicato de comisiones de base (<strong><em><span style=\"color:#ff0000\" class=\"has-inline-color\">co.bas<\/span><\/em><\/strong>) surge del enfrentamiento que parte de la afiliaci\u00f3n de CCOO (mayoritariamente del sector cr\u00edtico) ven\u00edamos manteniendo en la pr\u00e1ctica contra los m\u00e9todos y formas de hacer sindicalismo de la direcci\u00f3n \u201coficialista\u201d del sindicato.<\/p>\n\n\n\n<p>Discrep\u00e1bamos con la l\u00ednea oficial de la direcci\u00f3n del sindicato, en su voluntad de aceptar, todas aquellas medidas regresivas que iban aplicando las direcciones de las empresas y administraciones sin intentar siquiera una m\u00ednima oposici\u00f3n y por su nefasta actitud de firmar acuerdos sin consultar a los trabajadores.<\/p>\n\n\n\n<h4 class=\"wp-block-heading\">NACE CO.BAS, UNA ORGANIZACI\u00d3N SINDICAL DE \u00c1MBITO ESTATAL<\/h4>\n\n\n\n<p>La falta de respeto a la pluralidad interna, la pol\u00edtica represora de la direcci\u00f3n sindical burocratizada contra toda la afiliaci\u00f3n discrepante con esta, nuestro compromiso de participaci\u00f3n y colaboraci\u00f3n con la lucha ejemplar de los trabajadores de SINTEL, convirti\u00e9ndose esta en nuestro referente por su coincidencia en la acci\u00f3n y en los m\u00e9todos sindicales que ven\u00edamos practicando, hizo que miembros del Sector Cr\u00edtico, respetando las decisiones adoptadas mayoritariamente en asambleas de afiliados y afiliadas, constituy\u00e9ramos co.bas, empezando en Catalunya, Madrid, Andaluc\u00eda, Euskadi, Castilla y Le\u00f3n, etc. Los primeros resultados no se hicieron esperar: Amplio respaldo afiliativo a nivel estatal y a solo dos meses de su legalizaci\u00f3n, pasamos a ser la tercera fuerza en todo el estado y la primera en Barcelona y Madrid en las elecciones sindicales que se celebraron en Telef\u00f3nica.<\/p>\n\n\n\n<h4 class=\"wp-block-heading\">FUNCIONAMIENTO DEMOCR\u00c1TICO. TRABAJAMOS POR LA UNIDAD<\/h4>\n\n\n\n<p>Se constituye <strong><em><span style=\"color:#ff0000\" class=\"has-inline-color\">co.bas<\/span><\/em><\/strong> como sindicato de clase, asambleario, participativo, con independencia econ\u00f3mica de los poderes p\u00fablicos y privados, de lucha y confrontaci\u00f3n con el sistema, donde son los trabajadores y las trabajadoras quienes toman las decisiones y no una \u201cc\u00fapula\u201d sindical.La democracia participativa es la parte fundamental de nuestro proyecto sindical. Por ello, en nuestra acci\u00f3n sindical, la decisi\u00f3n corresponde a los afiliados y a los trabajadores. Para que esto sea posible, la organizaci\u00f3n pondr\u00e1 los mecanismos necesarios. Inclusive, en la elecci\u00f3n y en la revocaci\u00f3n, en cualquier momento, de los responsables o delegados sindicales.<\/p>\n\n\n\n<p>Desde co.bas trabajamos con criterios de m\u00e1xima unidad por un proyecto para toda la clase obrera indistintamente de la empresa, sector, localidad o territorio al que \u00e9sta pertenezca. La segmentaci\u00f3n actual, la subcontrataci\u00f3n y precariedad, as\u00ed como los sindicatos que se han ido constituyendo a partir de las expulsiones y crisis de CCOO desde los Pactos de la Moncloa y los que han surgido fruto de la desconfianza y rechazo a los \u201csindicatos institucionales\u201d; han configurado un mapa de diversidad sindical que no podemos obviar.<\/p>\n\n\n\n<h4 class=\"wp-block-heading\">COMPROMETIDOS SOCIALMENTE<\/h4>\n\n\n\n<p>Nuestra vocaci\u00f3n unitaria, de clase, reivindicativa y necesaria referencia socio-pol\u00edtica, se traduce hasta la fecha en una estrecha colaboraci\u00f3n con muchos sindicatos y colectivos sociales en el movimiento antiglobalizaci\u00f3n (XMG Red de Movilizaci\u00f3n Global), especialmente en la denuncia y lucha contra las privatizaciones y la p\u00e9rdida de los derechos en el empleo. Las resoluciones de las asambleas de movimientos sociales en el FSE, unificando fechas de luchas en Europa o luego en Portoalegre FSM, han sido \u00fatiles para una re-activaci\u00f3n del conflicto social y ello, pesar de la no vinculaci\u00f3n a estas resoluciones de la CES , el aposentado sindicalismo europeo.<\/p>\n\n\n\n<p>A trav\u00e9s de la \u201cXarxa contra despidos y la precariedad\u201d somos parte activa contra el cierre de empresas, contra la precariedad laboral y por la equiparaci\u00f3n de derechos sociales en Europa, participando en la campa\u0144a contra la propuesta de Constituci\u00f3n europea. Tambi\u00e9n, estamos en un proceso de unidad de acci\u00f3n sindical con los que m\u00e1s coincidimos, coordin\u00e1ndonos en la Coordinadora Unitaria Sindical de Andalucia, o en la de Catalunya (IAC-CATC-USTEC-CAU, FTC, SU, CTA,CSA, S Ferroviario, y <span style=\"color:#ff0000\" class=\"has-inline-color\"><em><strong>co.bas<\/strong><\/em><\/span>) y tambi\u00e9n a trav\u00e9s de encuentros estatales por la unidad de acci\u00f3n con colectivos de clase y democr\u00e1ticos que ejercen el conflicto social en vez del pacto social (Coordinadora de Madrid, SOC de Andaluc\u00eda, SOC de Canarias, CIG Galicia, ESK y LAB de Euskadi, CSI de Asturias, etc).<\/p>\n\n\n\n<h4 class=\"wp-block-heading\">SEGUIMOS LUCHANDO POR SER UN PUNTO DE REFERENCIA SINDICAL ORGANIZADA<\/h4>\n\n\n\n<p>La trayectoria de combatividad y honestidad de nuestros compa\u00f1eros demostrada hasta ahora, esta favoreciendo cada vez m\u00e1s el desarrollo de co.bas, tanto en Catalunya, como en el resto de comunidades. Ante las imposiciones neoliberales de multinacionales y bancos, es decir del capital, cada vez son m\u00e1s los trabajadores y nuevos colectivos de los movimientos sociales, los que opinan que es necesaria la reconstrucci\u00f3n sindical y por ello se est\u00e1n animando a organizarse en co.bas para participar en la pretendida construcci\u00f3n de una organizaci\u00f3n sindical \u00fatil, participativa y coherente. En ello estamos y por ello queremos coordinarnos con todos los que tengan el mismo objetivo.<\/p>\n","protected":false},"excerpt":{"rendered":"<p>El Sindicato de comisiones de base (co.bas) surge del enfrentamiento que parte de la afiliaci\u00f3n de CCOO (mayoritariamente del sector cr\u00edtico) ven\u00edamos manteniendo en la pr\u00e1ctica contra los m\u00e9todos y formas de hacer sindicalismo de la direcci\u00f3n \u201coficialista\u201d del sindicato. Discrep\u00e1bamos con la l\u00ednea oficial de la direcci\u00f3n del sindicato, en su voluntad de aceptar,&#8230;<\/p>\n","protected":false},"author":1,"featured_media":0,"parent":0,"menu_order":0,"comment_status":"closed","ping_status":"closed","template":"","meta":{"_kadence_starter_templates_imported_post":false,"_kad_post_transparent":"","_kad_post_title":"","_kad_post_layout":"","_kad_post_sidebar_id":"","_kad_post_content_style":"","_kad_post_vertical_padding":"","_kad_post_feature":"","_kad_post_feature_position":"","_kad_post_header":false,"_kad_post_footer":false,"_kad_post_classname":"","footnotes":""},"class_list":["post-8","page","type-page","status-publish","hentry"],"_links":{"self":[{"href":"https:\/\/www.sitescobas.es\/sectorpublicomadrid\/wp-json\/wp\/v2\/pages\/8","targetHints":{"allow":["GET"]}}],"collection":[{"href":"https:\/\/www.sitescobas.es\/sectorpublicomadrid\/wp-json\/wp\/v2\/pages"}],"about":[{"href":"https:\/\/www.sitescobas.es\/sectorpublicomadrid\/wp-json\/wp\/v2\/types\/page"}],"author":[{"embeddable":true,"href":"https:\/\/www.sitescobas.es\/sectorpublicomadrid\/wp-json\/wp\/v2\/users\/1"}],"replies":[{"embeddable":true,"href":"https:\/\/www.sitescobas.es\/sectorpublicomadrid\/wp-json\/wp\/v2\/comments?post=8"}],"version-history":[{"count":1,"href":"https:\/\/www.sitescobas.es\/sectorpublicomadrid\/wp-json\/wp\/v2\/pages\/8\/revisions"}],"predecessor-version":[{"id":9,"href":"https:\/\/www.sitescobas.es\/sectorpublicomadrid\/wp-json\/wp\/v2\/pages\/8\/revisions\/9"}],"wp:attachment":[{"href":"https:\/\/www.sitescobas.es\/sectorpublicomadrid\/wp-json\/wp\/v2\/media?parent=8"}],"curies":[{"name":"wp","href":"https:\/\/api.w.org\/{rel}","templated":true}]}}