{"id":10,"date":"2022-03-23T19:34:03","date_gmt":"2022-03-23T19:34:03","guid":{"rendered":"https:\/\/www.sitescobas.es\/sectorpublicomadrid\/?page_id=10"},"modified":"2022-03-23T19:34:03","modified_gmt":"2022-03-23T19:34:03","slug":"afiliate","status":"publish","type":"page","link":"https:\/\/www.sitescobas.es\/sectorpublicomadrid\/afiliate\/","title":{"rendered":"Af\u00edliate"},"content":{"rendered":"\n<p><span style=\"color: #000000; font-size: 16px;\">En <span class=\"has-inline-color has-vivid-red-color\"><strong>co.bas<\/strong><\/span> los afiliados y afiliadas participan y deciden, y son el \u00fanico sost\u00e9n financiero garantizando as\u00ed la independencia del sindicato.<\/span><\/p>\n\n\n\n<p>Si quieres afiliarte, y no conoces a ning\u00fan delegado o delegada de co.bas, ac\u00e9rcate a la&nbsp;sede m\u00e1s cercana del sindicato. Rellenar\u00e1s la hoja de afiliaci\u00f3n y te informaremos de tus derechos como afiliada o afiliado. Puedes bajarte la hoja de afiliaci\u00f3n en formato <em>pdf <\/em>editable aqu\u00ed:<\/p>\n\n\n<style>.wp-block-kadence-column.kb-section-dir-horizontal > .kt-inside-inner-col > #kt-info-box_b1ca51-6d .kt-blocks-info-box-link-wrap{max-width:unset;}#kt-info-box_b1ca51-6d .kt-blocks-info-box-link-wrap{border-radius:5px;border-top-width:1px;border-right-width:1px;border-bottom-width:1px;border-left-width:1px;background:#ffffff;padding-top:24px;padding-right:24px;padding-bottom:24px;padding-left:24px;}#kt-info-box_b1ca51-6d .kt-blocks-info-box-link-wrap:hover{background:#ffffff;}#kt-info-box_b1ca51-6d.wp-block-kadence-infobox{max-width:100%;}#kt-info-box_b1ca51-6d .kadence-info-box-image-inner-intrisic-container{max-width:100px;}#kt-info-box_b1ca51-6d .kadence-info-box-image-inner-intrisic-container .kadence-info-box-image-intrisic{padding-bottom:148.6339%;width:549px;height:0px;max-width:100%;}#kt-info-box_b1ca51-6d .kadence-info-box-icon-container .kt-info-svg-icon, #kt-info-box_b1ca51-6d .kt-info-svg-icon-flip, #kt-info-box_b1ca51-6d .kt-blocks-info-box-number{font-size:50px;}#kt-info-box_b1ca51-6d .kt-blocks-info-box-media{color:#444444;background:#ffffff;border-color:#eeeeee;border-top-width:0px;border-right-width:0px;border-bottom-width:0px;border-left-width:0px;padding-top:20px;padding-right:20px;padding-bottom:20px;padding-left:20px;margin-top:0px;margin-right:20px;margin-bottom:0px;margin-left:0px;}#kt-info-box_b1ca51-6d .kt-blocks-info-box-link-wrap:hover .kt-blocks-info-box-media{color:#444444;background:#ffffff;border-color:#eeeeee;}#kt-info-box_b1ca51-6d .kt-infobox-textcontent h3.kt-blocks-info-box-title{padding-top:0px;padding-right:0px;padding-bottom:0px;padding-left:0px;margin-top:5px;margin-right:0px;margin-bottom:10px;margin-left:0px;}.wp-block-kadence-infobox#kt-info-box_b1ca51-6d .kt-blocks-info-box-text{font-size:12px;}#kt-info-box_b1ca51-6d .kt-blocks-info-box-learnmore{background:transparent;border-width:0px 0px 0px 0px;padding-top:4px;padding-right:8px;padding-bottom:4px;padding-left:8px;margin-top:10px;margin-right:0px;margin-bottom:10px;margin-left:0px;}<\/style>\n<div id=\"kt-info-box_b1ca51-6d\" class=\"wp-block-kadence-infobox\"><a class=\"kt-blocks-info-box-link-wrap info-box-link kt-blocks-info-box-media-align-left kt-info-halign-left\" href=\"https:\/\/www.cobas.es\/wp-content\/uploads\/2021\/08\/Ficha-afiliacion.pdf\"><div class=\"kt-blocks-info-box-media-container\"><div class=\"kt-blocks-info-box-media kt-info-media-animate-none\"><div class=\"kadence-info-box-image-inner-intrisic-container\"><div class=\"kadence-info-box-image-intrisic kt-info-animate-none\"><div class=\"kadence-info-box-image-inner-intrisic\"><img loading=\"lazy\" decoding=\"async\" src=\"https:\/\/www.cobas.es\/wp-content\/uploads\/2021\/08\/Ficha-afiliacion.jpg\" alt=\"\" width=\"549\" height=\"816\" class=\"kt-info-box-image wp-image-8108\"\/><\/div><\/div><\/div><\/div><\/div><div class=\"kt-infobox-textcontent\"><h3 class=\"kt-blocks-info-box-title\">Ficha afiliaci\u00f3n<\/h3><p class=\"kt-blocks-info-box-text\">Pulsa para descargarte la ficha de afiliaci\u00f3n en formato <em>pdf<\/em>.<br\/>Este archivo es editable para poder introducir tus datos.<br\/>Rellena el formulario y entr\u00e9galo en el local del sindicato que te corresponda o env\u00edalo por e-mail.<\/p><\/div><\/a><\/div>\n\n\n\n<p><a href=\"https:\/\/www.cobas.es\/donde-estamos-2\/\">Puedes consultar las direcciones postales y e-mail de las sedes de nuestro sindicato pulsando aqu\u00ed.<\/a><\/p>\n\n\n\n<p><span style=\"color: #000000; font-size: 16px;\">La&nbsp;cuota de afiliaci\u00f3n mensual depende de tus ingresos:<\/span><\/p>\n\n\n\n<figure class=\"wp-block-table\"><table><tbody><tr><td class=\"has-text-align-center\" data-align=\"center\"><strong>SALARIO<\/strong><\/td><td class=\"has-text-align-center\" data-align=\"center\"><strong>CUOTA AFILIACI\u00d3N<\/strong><\/td><\/tr><tr><td class=\"has-text-align-center\" data-align=\"center\">&lt; 400\u20ac<\/td><td class=\"has-text-align-center\" data-align=\"center\">5\u20ac al mes<\/td><\/tr><tr><td class=\"has-text-align-center\" data-align=\"center\">&gt; 400\u20ac y &lt; 600\u20ac<\/td><td class=\"has-text-align-center\" data-align=\"center\">7\u20ac al mes<\/td><\/tr><tr><td class=\"has-text-align-center\" data-align=\"center\">&gt; 600\u20ac<\/td><td class=\"has-text-align-center\" data-align=\"center\">10\u20ac al mes<\/td><\/tr><\/tbody><\/table><\/figure>\n\n\n\n<p><span style=\"color: #000000; font-size: 16px;\">La afiliaci\u00f3n te garantiza el asesoramiento y la defensa jur\u00eddica laboral que necesites.&nbsp;Los afiliados y afiliadas adem\u00e1s, participan directamente en las decisiones del sindicato, y son el \u00fanico sost\u00e9n financiero, para garantizar as\u00ed realmente nuestra independencia.<\/span><\/p>\n\n\n\n<p><span style=\"font-size: 16px;\"><span style=\"color: #000000;\">Recuerda, <strong>la cuota de afiliaci\u00f3n sindical de<span class=\"has-inline-color has-vivid-red-color\"> co.bas<\/span> puedes deducirla <\/strong>cuando realices <strong>tu declaraci\u00f3n anual de la renta<\/strong>, tal y como lo establece la ley del IRPF. La deducci\u00f3n puede suponer un ahorro en la cuota de entre el 20 y el 35% seg\u00fan los casos.\u00a0<\/span><\/span><\/p>\n\n\n\n<p><span style=\"color: #000000;\"><span style=\"font-size: 16px;\">Este importe no aparece en el borrador de Hacienda&nbsp;en cumplimiento de la Ley de protecci\u00f3n de datos. Sin embargo, puedes deducir las cantidades que has pagado en concepto de cuotas por tu afiliaci\u00f3n a co.bas. Los justificantes son los mismos recibos bancarios o de n\u00f3mina que ya tienes.<\/span><\/span><\/p>\n\n\n\n<p><span style=\"color: #000000;\"><span style=\"font-size: 16px;\">Para este tema de hacienda inicialmente no necesitas un certificado, pero en caso de que lo necesitases, puedes solicitarlo en nuestras sedes.&nbsp;La cantidad a deducir hay que ponerla en el espacio reservado a&nbsp;<em>\u201cCuotas satisfechas a sindicatos\u201d<\/em>&nbsp;[casilla 014] del impreso oficial (digital o en papel) del IRPF.<\/span><\/span><\/p>\n","protected":false},"excerpt":{"rendered":"<p>En co.bas los afiliados y afiliadas participan y deciden, y son el \u00fanico sost\u00e9n financiero garantizando as\u00ed la independencia del sindicato. Si quieres afiliarte, y no conoces a ning\u00fan delegado o delegada de co.bas, ac\u00e9rcate a la&nbsp;sede m\u00e1s cercana del sindicato. Rellenar\u00e1s la hoja de afiliaci\u00f3n y te informaremos de tus derechos como afiliada o&#8230;<\/p>\n","protected":false},"author":1,"featured_media":0,"parent":0,"menu_order":0,"comment_status":"closed","ping_status":"closed","template":"","meta":{"_kadence_starter_templates_imported_post":false,"_kad_post_transparent":"","_kad_post_title":"","_kad_post_layout":"","_kad_post_sidebar_id":"","_kad_post_content_style":"","_kad_post_vertical_padding":"","_kad_post_feature":"","_kad_post_feature_position":"","_kad_post_header":false,"_kad_post_footer":false,"_kad_post_classname":"","footnotes":""},"class_list":["post-10","page","type-page","status-publish","hentry"],"_links":{"self":[{"href":"https:\/\/www.sitescobas.es\/sectorpublicomadrid\/wp-json\/wp\/v2\/pages\/10","targetHints":{"allow":["GET"]}}],"collection":[{"href":"https:\/\/www.sitescobas.es\/sectorpublicomadrid\/wp-json\/wp\/v2\/pages"}],"about":[{"href":"https:\/\/www.sitescobas.es\/sectorpublicomadrid\/wp-json\/wp\/v2\/types\/page"}],"author":[{"embeddable":true,"href":"https:\/\/www.sitescobas.es\/sectorpublicomadrid\/wp-json\/wp\/v2\/users\/1"}],"replies":[{"embeddable":true,"href":"https:\/\/www.sitescobas.es\/sectorpublicomadrid\/wp-json\/wp\/v2\/comments?post=10"}],"version-history":[{"count":1,"href":"https:\/\/www.sitescobas.es\/sectorpublicomadrid\/wp-json\/wp\/v2\/pages\/10\/revisions"}],"predecessor-version":[{"id":11,"href":"https:\/\/www.sitescobas.es\/sectorpublicomadrid\/wp-json\/wp\/v2\/pages\/10\/revisions\/11"}],"wp:attachment":[{"href":"https:\/\/www.sitescobas.es\/sectorpublicomadrid\/wp-json\/wp\/v2\/media?parent=10"}],"curies":[{"name":"wp","href":"https:\/\/api.w.org\/{rel}","templated":true}]}}