{"id":59,"date":"2020-02-25T19:46:54","date_gmt":"2020-02-25T19:46:54","guid":{"rendered":"https:\/\/mujer.cobas.es\/?page_id=59"},"modified":"2025-12-12T11:36:54","modified_gmt":"2025-12-12T11:36:54","slug":"documentacion","status":"publish","type":"page","link":"https:\/\/www.sitescobas.es\/capgemini\/documentacion\/","title":{"rendered":"Legislaci\u00f3n"},"content":{"rendered":"\n<h4 class=\"wp-block-heading\">B\u00c1SICO<\/h4>\n\n\n\n<ul class=\"wp-block-list\">\n<li><a href=\"https:\/\/www.boe.es\/buscar\/act.php?id=BOE-A-2015-11430\">Estatuto de los Trabajadores (RD Legislativo 2\/2015, de 23 de octubre)<\/a><\/li>\n\n\n\n<li><a href=\"http:\/\/www.sitescobas.es\/capgemini\/wp-content\/uploads\/sites\/3\/2025\/04\/XIX-Convenio.pdf\">XIX Convenio de consultor\u00eda y estudios de mercado y de la opini\u00f3n p\u00fablica.<\/a><\/li>\n\n\n\n<li><a href=\"https:\/\/www.bocm.es\/boletin\/CM_Orden_BOCM\/2025\/08\/09\/BOCM-20250809-1.PDF\">Convenio de Oficinas y despachos de la Comunidad de Madrid 2025-2026<\/a>.<\/li>\n<\/ul>\n\n\n\n<h4 class=\"wp-block-heading\">IGUALDAD<\/h4>\n\n\n\n<ul class=\"wp-block-list\">\n<li><a href=\"https:\/\/www.boe.es\/buscar\/pdf\/2007\/BOE-A-2007-6115-consolidado.pdf\">Ley de Igualdad (Ley Org. 3\/2007, de 22 de marzo)<\/a><\/li>\n\n\n\n<li><a href=\"https:\/\/www.boe.es\/boe\/dias\/2019\/03\/07\/pdfs\/BOE-A-2019-3244.pdf\">Medidas urgentes para garant\u00eda de la igualdad de trato y de oportunidades entre mujeres y hombres (RD-ley 6\/2019, de 1 de marzo)<\/a><\/li>\n<\/ul>\n\n\n\n<h4 class=\"wp-block-heading\">SALUD LABORAL<\/h4>\n\n\n\n<ul class=\"wp-block-list\">\n<li><a href=\"https:\/\/www.boe.es\/buscar\/act.php?id=BOE-A-1995-24292&amp;p=20141229&amp;tn=2\">Ley de Prevenci\u00f3n de&nbsp;Riesgos Laborales (Ley 31\/1995, de 8 de noviembre)<\/a><\/li>\n<\/ul>\n","protected":false},"excerpt":{"rendered":"<div class=\"mh-excerpt\">B\u00c1SICO IGUALDAD SALUD LABORAL<\/div>\n","protected":false},"author":3,"featured_media":0,"parent":0,"menu_order":0,"comment_status":"closed","ping_status":"closed","template":"","meta":{"_kadence_starter_templates_imported_post":false,"footnotes":""},"class_list":["post-59","page","type-page","status-publish"],"_links":{"self":[{"href":"https:\/\/www.sitescobas.es\/capgemini\/wp-json\/wp\/v2\/pages\/59","targetHints":{"allow":["GET"]}}],"collection":[{"href":"https:\/\/www.sitescobas.es\/capgemini\/wp-json\/wp\/v2\/pages"}],"about":[{"href":"https:\/\/www.sitescobas.es\/capgemini\/wp-json\/wp\/v2\/types\/page"}],"author":[{"embeddable":true,"href":"https:\/\/www.sitescobas.es\/capgemini\/wp-json\/wp\/v2\/users\/3"}],"replies":[{"embeddable":true,"href":"https:\/\/www.sitescobas.es\/capgemini\/wp-json\/wp\/v2\/comments?post=59"}],"version-history":[{"count":29,"href":"https:\/\/www.sitescobas.es\/capgemini\/wp-json\/wp\/v2\/pages\/59\/revisions"}],"predecessor-version":[{"id":1986,"href":"https:\/\/www.sitescobas.es\/capgemini\/wp-json\/wp\/v2\/pages\/59\/revisions\/1986"}],"wp:attachment":[{"href":"https:\/\/www.sitescobas.es\/capgemini\/wp-json\/wp\/v2\/media?parent=59"}],"curies":[{"name":"wp","href":"https:\/\/api.w.org\/{rel}","templated":true}]}}